n factor of 84 and u.
28
Let y = 29190 - 28555. What is the highest common factor of y and 10?
5
Suppose 133*t - 208 = 120*t. Let g(m) = -19*m + 4. Suppose j = 4*j + 12. Let a be g(j). What is the greatest common divisor of a and t?
16
Let y(u) = -u**3 - 4*u**2 + 7*u + 12. Let k be y(-5). Suppose 7*t - 2*t = 4*v - 98, -44 = -k*v + 5*t. Calculate the highest common factor of v and 117.
9
Suppose -372 + 333 = 6*c - 195. What is the greatest common factor of c and 793?
13
Suppose 3*r + 128 + 46 = 2*l, l = -r + 102. Calculate the highest common factor of l and 10016.
32
Let s(a) = -5*a. Let o be s(0). Suppose o = -6*x + 125 - 89. Calculate the highest common divisor of 48 and x.
6
Let x be 96/(-176) + 1398/22. Calculate the highest common factor of 11277 and x.
63
Let r(l) = 18*l**2 + 52*l - 108. Let g be r(-5). Calculate the highest common factor of g and 7954.
82
Let g(i) = 4 + 5 - 4*i**2 - 12*i - 2*i**3 + 3*i**3. Let z be (5/(-2))/(10/(-24)). Let h be g(z). Calculate the greatest common divisor of h and 144.
9
Let b be -1 + 2 + (-10)/5 + -146. Let d = -140 - b. What is the greatest common divisor of 77 and d?
7
Suppose 4700 = 41*s + 23*s - 4836. Calculate the greatest common divisor of s and 596.
149
Let u = -10330 - -13645. Calculate the highest common divisor of u and 510.
255
Let j be -4 - 4/((-16)/(-52)). Let l = j + 37. Suppose 0 = 5*w - 5*t + l - 120, 6 = -3*t. Calculate the highest common divisor of 18 and w.
18
Let q = -294 + 361. Suppose -5*m = 5*w - 410, 189 + q = 3*w + 5*m. Calculate the highest common factor of w and 14.
7
Let z(f) = -f**3 - 4*f**2 + 3. Let j be z(-4). Suppose 96 - 45 = j*v. Calculate the greatest common factor of 34 and v.
17
Let s be (6/5)/((-12)/(-480)). Let l be 9*(29/12 + 2/8). What is the highest common factor of s and l?
24
Let y be 512/6*(13 + -16). Let d = y - -260. What is the highest common factor of d and 68?
4
Suppose 4*l = 4, 3*o - 6 = 5*l + 4. Suppose -o*b + 263 = -4*a, -2*b - 62 + 181 = 3*a. Let k = 62 - b. Calculate the highest common divisor of 21 and k.
7
Let d be (-6 + -4)*(-2 - 68 - 3). Let w = -618 - -628. Calculate the greatest common divisor of d and w.
10
Suppose 37*u - 1 = 1746 + 880. Calculate the highest common factor of 11147 and u.
71
Suppose 8*t + 91 = 8*t + 13*t. Suppose -47 = -5*r + 4*y, 7*r = 2*r - 3*y + 26. Suppose -3*q = -r*q + 112. Calculate the highest common divisor of q and t.
7
Let k = -310 + 184. Let w = 168 + k. Suppose -5*y + 4*y + 14 = 0. What is the highest common divisor of y and w?
14
Let d(b) = 369*b**2 - 6*b - 171. Let x be d(-5). Calculate the greatest common factor of 12 and x.
12
Suppose 4*k - 10 = -k. Let o = 7356 - 7355. Calculate the greatest common divisor of o and k.
1
Suppose 3*b + j = 1284, 592 = 3*b + 12*j - 791. Calculate the highest common factor of b and 600.
25
Suppose j = -5*p + 644, 52*j - 50*j - 1256 = -2*p. Calculate the greatest common divisor of 104 and j.
104
Suppose 578 = 16*q - 526. Suppose 3*c - q = -4*m, c - 5*c - 2*m + 82 = 0. Let w(z) = 14*z - 57. Let j be w(19). What is the greatest common divisor of c and j?
19
Let c = -2404 + 3658. What is the greatest common divisor of c and 363?
33
Let g = 5505 - 4321. Calculate the highest common factor of g and 370.
74
Let b(u) = u**2 - 13*u - 57. Let f be b(-4). Suppose 6*w - f*w + 2*j + 496 = 0, 0 = -4*j - 12. What is the greatest common divisor of 56 and w?
14
Let x = -98 - -137. Suppose 0 = g + 8*g - 1755. What is the highest common divisor of g and x?
39
Let k(s) = 561*s**2 + 3896*s - 10. Let c be k(-7). What is the highest common divisor of c and 5888?
23
Suppose 21*c - 16 = 131. Let m be 2562/(-4 + c)*(-5)/(-10). Calculate the greatest common factor of m and 61.
61
Let n = 9594 - 9562. Suppose -t + 96 = 3*t. Calculate the highest common factor of n and t.
8
Suppose -15*y - 41607 = -82*y. What is the greatest common divisor of 345 and y?
69
Let b(y) = 5*y**2 - 9*y + 9. Let u be b(1). Let l(r) = 15*r**2 - 26*r + 10. Let p be l(u). Calculate the greatest common divisor of p and 30.
15
Let z = -10547 - -10595. Calculate the greatest common factor of z and 6416.
16
Let b(r) = -4*r + 15. Let p be b(4). Let s be p*5 - (-32 + -3 + 6). What is the highest common divisor of 8 and s?
8
Suppose -4*l - 17640 = -3*d + 8757, -4*l + 17598 = 2*d. Calculate the highest common divisor of d and 14.
7
Let v = 153 - 140. Suppose -5*l + 2*p + p + 65 = 0, 0 = -4*p. Calculate the greatest common factor of v and l.
13
Let u be (-4 + 13 + 468)/1. Let s be (-13 + -93)*2/(-4). What is the greatest common factor of u and s?
53
Let c(d) = 213*d - 25. Let s be c(-9). Let j = -1198 - s. Calculate the greatest common factor of 24 and j.
24
Let w be (-1)/(-4) + (-3)/((-12)/(-181)). Let m = -3 - w. What is the greatest common factor of 147 and m?
21
Let x(r) = 2*r - 105. Let k be x(27). Let c be -3 - (14/(-42))/((-1)/k). What is the highest common divisor of 322 and c?
14
Let w(c) = c**3 + 49*c**2 - 1456*c - 69. Let s be w(21). Let r be 16 + ((-4)/2)/(-1). Calculate the greatest common factor of s and r.
9
Let v(y) = -y**3 + 7*y**2 - 8*y + 2. Let m be v(5). Suppose 2*h = 5*t - m, -12 = -5*h + 2*h. What is the highest common divisor of t and 12?
4
Let w be ((-30)/4)/((-201)/4422). What is the greatest common divisor of 88 and w?
11
Let g(f) = -2*f**2 + 9*f - 1. Let b be g(-4). Let j = -25 - b. Suppose -36*r + j = -34*r. What is the highest common factor of 198 and r?
22
Let y(h) = h**3 - 8*h**2 + 14*h - 12. Let d be y(6). Suppose 0 = s + 3, 2*k + s = -d*s + 3. What is the highest common divisor of k and 5?
1
Let y be (4/(-2) + 4)/25 + (-2238)/(-150). Calculate the greatest common divisor of 231 and y.
3
Let p = 36229 + -34396. Calculate the highest common divisor of 195 and p.
39
Let g(a) = -2*a**3 - 3*a**2 - 3*a - 1. Let o be g(-2). Let x = -99 - o. Let k = -67 - x. Calculate the greatest common factor of 41 and k.
41
Let d = 16871 + -16813. Calculate the greatest common factor of d and 94.
2
Let g(m) = -9*m**2 + 391*m - 102. Let v be g(43). Calculate the highest common factor of v and 870.
10
Let z(t) = -64*t**3 + 2*t**2 - 1. Suppose -7*o + 2*o = 5. Let m be z(o). What is the greatest common divisor of m and 13?
13
Let r(k) = 15*k**2 - 19*k - 4. Let q be (8/(-2))/24*-12. Let y be r(q). Calculate the greatest common divisor of y and 99.
9
Let l(g) = g**2 - 4*g - 5. Let w be l(6). Let r be (0/(1 - w))/(4/(-2)). Suppose -7*f + 8*f - 14 = r. What is the highest common factor of 21 and f?
7
Suppose -169 = 4*c - 277. Let d(h) = 3*h**3 - h**2 - h + 6. Let w be d(5). What is the highest common divisor of c and w?
27
Let r = -3985 - -7615. Calculate the greatest common divisor of r and 220.
110
Let r = 153 - 144. Let w = 28 + r. Calculate the highest common divisor of w and 333.
37
Suppose 0 = w + 4*j + 56, 4*j - 95 = 3*w + 9. Let f = 2188 - 2202. Let o be w/f*(-385)/(-22). Calculate the greatest common factor of o and 125.
25
Let q be 39 - (10 - (2 + 2)). Let j be 118/6 + 4/(-6). Suppose -16*c - q = -j*c. What is the greatest common factor of c and 1?
1
Let n = 370 + -385. Let b(p) be the first derivative of -p**2 - 6*p + 1. Let d be b(n). What is the highest common divisor of 6 and d?
6
Let m(w) = w**2 + 15*w + 37. Let t be m(-12). Let o be 27 + t - 4/(12/(-9)). Suppose -27*f + o*f - 96 = 0. What is the highest common divisor of 40 and f?
8
Suppose -4*c = w - 61, -3*w - 29 = -2*c - 2*w. Let u = -12 + 14. Suppose 90 = -u*r + 8*r. What is the highest common factor of c and r?
15
Let j = 360 - 344. Suppose 0 = -8*p + 65 - 49. Calculate the greatest common factor of j and p.
2
Let a(i) = 2*i**2 + 16*i + 48. Let l be a(-23). Let p be l/3 - (14 + -18). Calculate the greatest common divisor of p and 75.
25
Let a(j) = -j**3 + 7*j**2 + 5*j - 2. Suppose -35*b + 48*b - 39 = 0. Let z be a(b). Let u = -7 - -14. Calculate the greatest common divisor of u and z.
7
Let t(a) = -a**3 - 5*a**2 - 4*a + 6. Let b be t(-3). Suppose b = 17*h - 23*h + 204. What is the highest common factor of h and 170?
34
Let b(u) = -8*u - 3. Let q(v) = v + 1. Let f(g) = -b(g) - 4*q(g). Let j be f(-2). Let k = 15 + j. Calculate the greatest common divisor of 66 and k.
6
Suppose -273*k + 22113 = -30*k. Calculate the greatest common factor of 9659 and k.
13
Let i be 35/(